-6 - m = -3*s + 4*t, -5*t = -5*s + 15. Calculate the highest common divisor of s and 22.
2
Suppose 15 + 0 = 5*n, 258 = o - 4*n. Suppose 4*y = -3*a - 122 + 590, -2*y - 2*a = -232. What is the greatest common factor of o and y?
30
Suppose -8 = -n, 99 + 11730 = 5*h + 3*n. Calculate the highest common divisor of 24 and h.
3
Suppose 15*x - 50 = -36 + 61. What is the greatest common divisor of x and 605?
5
Let j be 4 - 310/80 - (-79)/8. What is the greatest common factor of 485 and j?
5
Let r(m) = -12*m - 57. Let t be r(-6). Let g(f) = 28*f**2 + t - 11 - 13 - f**3 + 62*f. Let l be g(30). Calculate the greatest common factor of l and 34.
17
Suppose y - 105 = -4*y + n, -n = 4*y - 93. Let b = 386 - 191. Let c be b/2 - 33/(-22). Calculate the greatest common factor of y and c.
11
Let c = 6604 + -5749. What is the greatest common divisor of 90 and c?
45
Let l be 133/4 + ((-18)/(-24) - 1). Let n = 43 - l. Suppose 0 = n*d - 15*d + 20. Calculate the greatest common factor of 36 and d.
4
Let y(u) = -136*u - 1070. Let d be y(-8). Suppose 7*i + 186 - 732 = 0. Calculate the greatest common divisor of i and d.
6
Let d = 101 - -45. Suppose 18*m = 34 + d. What is the greatest common divisor of 130 and m?
10
Let u(h) = h**3 + 7*h**2 + 2*h - 20. Let i = -153 + 96. Let n = 51 + i. Let q be u(n). Calculate the highest common divisor of q and 68.
4
Let m(s) = s + 33. Let v be m(15). Suppose -37*z + 33*z + v = 0. What is the highest common divisor of z and 96?
12
Suppose j + 11 = c + 5, 0 = 4*j - 8. Calculate the greatest common divisor of 244 and c.
4
Let m be -6*(-1)/(-2) - -65. Let s = m - 58. Suppose -47 = c - 4*c - 2*d, 3*c + s*d = 37. What is the greatest common factor of c and 38?
19
Let q(o) = -2*o**3 - 10*o**2 + 10*o + 33. Suppose 38*f + 78 = 25*f. Let c be q(f). Calculate the highest common divisor of c and 45.
45
Let q(w) be the third derivative of -29*w**4/12 - 7*w**3/3 + 118*w**2. Let c be q(-8). Calculate the greatest common factor of c and 50.
50
Suppose -d - 2*d + r = -1201, 0 = 2*d - 2*r - 790. Calculate the greatest common factor of d and 1271.
31
Let h be ((-4)/6)/(-2) + 52268/(-438). Let o = h + 136. What is the highest common factor of 51 and o?
17
Let u = 116 - 103. Let i(s) = -333*s + 329*s + 0 + u + 30. Let y be i(10). Calculate the greatest common factor of y and 15.
3
Let u be 321 - (-3 + (3 - -1)). Suppose b - 54 = 2*z, -37 + 187 = 2*b + 10*z. Calculate the greatest common factor of u and b.
20
Let x = -8006 + 17589. Calculate the highest common divisor of 777 and x.
259
Suppose -3120 = 690*b - 742*b. What is the highest common factor of b and 15420?
60
Suppose 16 = x - 11. Let c be -359 + (-5 - -6)*5. Let v = c + 381. What is the greatest common divisor of v and x?
27
Suppose 0 = -5*q - 20, 2*n + 0*q - 914 = 3*q. Suppose 0 = -4*s - 5*f + n, 0 = 4*s + 3*f - 14 - 447. Calculate the highest common factor of 68 and s.
17
Let j(g) = -24*g. Let t(o) = o + 1. Let q(w) = -j(w) - 6*t(w). Let y be q(7). What is the highest common divisor of 15 and y?
15
Suppose 14*t + 41*t = -2*t + 2964. Calculate the greatest common divisor of 3068 and t.
52
Let s = 423 - 390. What is the greatest common divisor of 297 and s?
33
Let k be (-1 + -11)/(-2) + (-177 - 375). Let x = -353 - -1187. Let s = x + k. Calculate the highest common factor of 36 and s.
36
Let x(n) = n**3 + 31*n**2 - 360*n + 44. Let u be x(-40). Calculate the highest common factor of u and 2486.
22
Let i(n) = n - 9. Let l be i(12). Suppose -l*w - 12*w = -195. Calculate the greatest common factor of w and 104.
13
Let g = 1328 + -1274. Calculate the greatest common factor of 432 and g.
54
Let u = 1263 + -803. Suppose 3*h - g = 166 - 50, -4*h + g = -156. What is the greatest common divisor of u and h?
20
Suppose -2*t - 60 = -2*d + 44, -4*d = -t - 208. Let i = d - 53. Let x be (3 - i)*(-21)/24*-30. What is the highest common divisor of 15 and x?
15
Suppose -3*w + 3*z = -43710, -3*z - 32760 - 25525 = -4*w. Calculate the highest common factor of 825 and w.
275
Let v(g) = g**2 + 8*g - 24. Let q(z) = -11*z - 55. Let s be q(-11). Let u = -60 + s. Let d be v(u). Calculate the greatest common divisor of 90 and d.
30
Let p(c) = 2*c - 2. Let l be p(5). Let a be -4 + (-92)/(-20) - 2035/(-25). Let v = a + -66. What is the greatest common divisor of l and v?
8
Let s = -27 + 59. Let c = -3591 - -4359. Calculate the highest common divisor of c and s.
32
Let u(x) = x**2 + 5*x - 8. Let c be u(-8). Let n be 3 + (-131)/(-10) + (-3)/30. Calculate the greatest common divisor of n and c.
16
Let u be (81/2)/(-2 + 111/54). What is the greatest common divisor of 54 and u?
27
Suppose 2*d = 65 + 19. Suppose 8*s - d = s. Suppose 2*m = p + 151, s = -4*p + 2. What is the greatest common divisor of m and 25?
25
Suppose 21*a + 6864 = 543. Let z = a + 305. What is the highest common divisor of z and 108?
4
Suppose 3*o + 152 = 4*o. Suppose -5870*a = -5886*a + 304. Calculate the highest common divisor of a and o.
19
Let f be 0 - 210/8*(-4 - 0). Suppose 2*r = 4*a - 274, -4*r = -3*a + 108 + f. Suppose -60*o - 252 = -a*o. What is the greatest common divisor of 9 and o?
9
Let q be (-722)/(-6) + (-2)/6. Let u be 2 + 7 - 6/2*649/(-1947). What is the highest common factor of u and q?
10
Let l = 992 - -1324. What is the greatest common divisor of 36 and l?
12
Let h(f) = -57*f - 311. Let m be h(-6). What is the greatest common divisor of 1457 and m?
31
Let c(b) = 18*b**2 + 96*b + 28. Let l be c(-6). What is the greatest common divisor of 720 and l?
20
Let f = -214 + 207. Let m be 242/8 - f/((-196)/(-21)). Calculate the greatest common divisor of m and 31.
31
Let t be -28 - -22 - (1 - 357). Suppose t = -25*d + 30*d. What is the highest common divisor of d and 10?
10
Let y(p) = -1589*p**2 - 2 + 2*p + 1589*p**2 - p**3. Let j be y(1). Let r be 2/1 + 2 + j + 23. What is the greatest common divisor of 13 and r?
13
Let z be 4/7 + (-5)/(105/(-55554)). Suppose 0 = -39*a + 60*a - z. Calculate the greatest common factor of 162 and a.
18
Suppose -5*i - 131*v + 2492 = -130*v, 2*i + 3*v - 1015 = 0. Calculate the highest common factor of i and 91.
7
Let q(j) = 39*j + 107. Let w be q(16). Suppose -3*z + w = -133. What is the highest common factor of 6 and z?
6
Let z(o) = -2*o + 5. Let j be z(-7). Let v = -10387 - -10444. Calculate the greatest common divisor of v and j.
19
Let k = 3240 + -2939. Let i(d) = -44*d**3 + d. Let u be i(-1). What is the greatest common divisor of k and u?
43
Let v(h) = 103*h - 34*h - 3 - 33*h - 35*h. Let w be v(0). Let c be (-1 - w)*(-78)/(-12). Calculate the highest common factor of c and 26.
13
Suppose -14 = -2*j + 28. Suppose -2*i = -4, -4*v - 3*i + 742 + 408 = 0. Let l = v + -97. What is the highest common divisor of j and l?
21
Suppose 4*d - 7*d - 1813 = -c, -2428 = 4*d + 4*c. Let g = 645 + d. What is the highest common divisor of g and 8?
8
Suppose -85*j = -89*j - 32, 0 = -4*g - 3*j + 11672. What is the greatest common divisor of 1892 and g?
172
Let o = -381 + -4. Let b = 526 + o. Suppose -k = -2*p - 23 - 24, 0 = 5*p. Calculate the greatest common divisor of k and b.
47
Suppose -5*m - 1889 = -3*a, -3*m + 4*a - 1344 = -204. Let r = -216 - m. Let o be (r/(-88) - -2) + 216/22. Calculate the highest common divisor of 90 and o.
10
Let o(n) = n**3 - 16*n**2 - 14*n - 35. Let f be o(17). Let c be ((-10)/7)/((f/(-28))/4). What is the greatest common factor of 90 and c?
10
Let h(p) = 403*p + 56838. Let v be h(-141). Let f be 66 + -2 + 2 + -1. What is the highest common factor of v and f?
5
Let i(h) = -3 + 7*h + 0 + 2 + h**2. Let r be i(6). Suppose 4*z - 269 + 279 = 2*n, 4*n + 4*z = 32. Calculate the highest common factor of r and n.
7
Let t be (-21)/7 + 13689 + -5 + -3. Calculate the greatest common factor of 14 and t.
14
Suppose 409*i - 941148 = 292*i. Calculate the highest common factor of i and 8.
4
Let q be -9 - -1 - 40/(1120/(-1596812)). Calculate the highest common divisor of q and 229.
229
Let z(k) = 76*k - 852. Let m be z(10). Suppose g + 8 = -4*x, 5*x - 5*g = -25 - 10. Let i be 4/(64/24)*m/x. What is the highest common divisor of 23 and i?
23
Let p(t) = -9*t + 144. Let y be p(19). Let c be (-1)/((-1)/(-57))*18/y. Let d be ((-12)/(-9) + -1)*285. Calculate the greatest common factor of c and d.
19
Suppose -4*s + 8*s - 12 = -4*a,